inder when v is divided by 22?
21
Let n(p) = -p**3 + 6*p**2 + 8*p + 11. Calculate the remainder when n(7) is divided by 10.
8
Suppose -2*k + 21 = 5*r, 5*k - 2*r + 6*r = 27. Suppose -2*z - k*z + 285 = 0. What is the remainder when z is divided by 15?
12
Suppose -3*h + 0*i + 64 = -i, -96 = -4*h - 4*i. Let t(x) = -x**2 + 7*x - 3. Calculate the remainder when (h/6)/(2/6) is divided by t(2).
4
Suppose 5*v - 15 = n, -9 = 5*v - 3*n - 24. Suppose -v*c = f - 13, 3*f + 3*c = 4*f - 25. Calculate the remainder when 54 is divided by f.
16
Let g be 1/(2*(-2)/(-20)). Suppose 2*k + 46 = g*j, j = -0*j + 4*k + 2. Calculate the remainder when j is divided by 4.
2
Suppose 10*w - 4*w = 180. Suppose -2*d + 285 = 3*d. What is the remainder when d is divided by w?
27
Suppose 3*m - 42 = -0*m. Calculate the remainder when 26 is divided by m.
12
Let h(w) = -7*w - 2. Let y be h(-2). Let p = -11 + y. Calculate the remainder when 2 is divided by p.
0
Suppose -8 = -4*l + 8. Let i = 7 - l. Let k(n) = n**2 + n + 1. What is the remainder when k(2) is divided by i?
1
Suppose 0 = -4*s + d + 70, -4*d = s - 19 - 7. Calculate the remainder when 21/(-6)*40/(-4) is divided by s.
17
Suppose -b - 107 = -5*u, -5*u - b + 82 = -u. Let a = 11 + 1. Calculate the remainder when u is divided by a.
9
Let b(n) = 5*n + 1. Let i be b(-1). Let o be (-1 + 2/1)*i. What is the remainder when o/(-1)*70/4 is divided by 24?
22
Suppose 3*w - 3*o + 3 = 0, w + 2 = 2*w + 2*o. Let d = 2 + w. Calculate the remainder when 3 is divided by d.
1
Suppose 2*l - 1 = 9. Suppose 3*j - 20 = -l. Let x = 14 + -12. Calculate the remainder when j is divided by x.
1
Suppose 0*o = -2*o + 10. Suppose 3 = p - o. Suppose 2*i = -2*i + p. Calculate the remainder when 4 is divided by i.
0
Suppose 2*m - 20 = -t + 6, 0 = -4*t + 5*m + 143. What is the remainder when t is divided by 12?
8
Suppose y = 2*o - 2, -4*o = -0*o - 8. What is the remainder when ((-32)/20)/(y/(-5)) is divided by 3?
1
Let y = 11 + -13. Let l be (4/(-1))/((-2)/64). What is the remainder when 20 is divided by y/(-6) + l/12?
9
Let c be 54/10 - (-3)/5. What is the remainder when 21 is divided by (15 - 27)/(c/(-4))?
5
Let n = 1 + 4. Suppose -22 = -4*p + 2*j, 0*p + 2*p + n*j = -7. Calculate the remainder when 11 is divided by p.
3
Let u(r) = -2*r**3 - 4*r**2 + 5*r - 1. What is the remainder when u(-4) is divided by 11?
10
What is the remainder when 190*-4*(-1)/8 is divided by 32?
31
Let t(r) = -r**2 - 4*r + 1. Suppose 0 = 3*y + a - 7, y = -y + 3*a + 23. Let n = y - -10. What is the remainder when n is divided by t(-2)?
4
Let c = -1 + 13. Calculate the remainder when c is divided by 5.
2
Suppose -f = -36 + 14. What is the remainder when 85 is divided by f?
19
Suppose 3*t - 5*t = -4. What is the remainder when 8/(-44) + 136/22 is divided by t?
0
Let z = -42 + 64. Let u = z - 15. What is the remainder when 25 is divided by u?
4
Suppose 26 = 6*b - 28. What is the remainder when 41 is divided by b?
5
Let m = 100 + -67. Calculate the remainder when 64 is divided by m.
31
Suppose m + 4 + 0 = 0. Let f = 4 - 16. What is the remainder when 35 is divided by (f/(-9))/(m/(-54))?
17
Suppose -5*n + 1 = z, 0*n = 3*z + 2*n - 3. Let y(g) = -9*g - 1 + 0 + 4 - z. What is the remainder when 39 is divided by y(-2)?
19
Suppose 52 = -9*x + 13*x. Calculate the remainder when 23 is divided by x.
10
Let p = 15 - 3. Suppose a + 2*a = 2*g - 8, 0 = -3*a + p. What is the remainder when 38 is divided by g?
8
Suppose 4*j - 5*j + 299 = 5*c, -2*j + 8 = 0. What is the remainder when c is divided by 15?
14
Suppose 3*m - 28 = -5*n, n - 2*m - 16 = -0*n. Calculate the remainder when n is divided by (5/2)/(4/8).
3
Suppose -2*g + 18 = g. What is the remainder when 22 is divided by g?
4
Calculate the remainder when 53/5 - 9/15 is divided by 6.
4
Let b(d) = -2*d + 2. Let p be (-1)/2 + (-42)/(-4). Suppose 5*w = -5*j + p, 4*w - 22 = 4*j + 2*w. What is the remainder when 22 is divided by b(j)?
6
Let j(d) = d**2 + 6*d + 3. Let b be j(-6). Suppose 0*v - v = -4*g + 81, -b*v + 9 = 0. Let t = -10 - -21. Calculate the remainder when g is divided by t.
10
Let f(v) = v**2 - 3*v + 4. Let b be (20/40)/((-2)/(-24)). Suppose 2*i = -x + b + 8, 2*x + 26 = 5*i. What is the remainder when i is divided by f(3)?
2
Suppose 0 = 41*k - 40*k - 14. Calculate the remainder when 51 is divided by k.
9
Suppose 10 = 2*f + 4*h, 2*h + 54 = 4*f - 16. Calculate the remainder when 57 is divided by f.
12
Suppose x - 22 = 5. What is the remainder when x is divided by 17?
10
Let b be 3*-2*2/12. Let r be (b + 18/(-4))*-2. Let n = r - 4. Calculate the remainder when 12 is divided by n.
5
Let b = -1 - -2. Let q(c) = c**3 - 4*c**2 - c + 2. Let d be q(3). What is the remainder when (4/d)/(3/(-15)) is divided by b?
0
Suppose -5 = -4*t + 3. Suppose 0 = t*a - 2*c - 68, 37 = a + 3*c - 1. Calculate the remainder when a is divided by 9.
8
Suppose -5*u = -68 - 32. Let c(d) = -5*d**3 + 1 - 2 + 4*d**3. Calculate the remainder when u is divided by c(-2).
6
Let l = -15 - -21. Let i(r) = r**2 + 5*r + 7. Calculate the remainder when -38*(3/(-1))/l is divided by i(-5).
5
Suppose d + d = 0. Suppose 0 = -4*b - d*b + 32. Calculate the remainder when b is divided by 5.
3
Let h = -15 - 1. Let t = -10 - h. Calculate the remainder when t is divided by 4.
2
Suppose -80 = 4*m - 4*y, -m - 2*m + y - 60 = 0. What is the remainder when 20 is divided by (-5)/m - (-43)/4?
9
What is the remainder when 2/(12/(-117))*-2 is divided by 14?
11
Let x be 0/(4/(-6)*-3). Suppose -24 = -x*n - 2*n. Suppose -5*r = -88 - 87. What is the remainder when r is divided by n?
11
Let u = -28 - -21. Let p(x) = -3*x + 12. Calculate the remainder when 97 is divided by p(u).
31
Let t = 8 - -5. What is the remainder when 38 is divided by t?
12
Suppose -25 = -2*c - 3*c. Let l(u) = -u**3 + 4*u**2 + 6*u - 1. What is the remainder when 10 is divided by l(c)?
2
Let w = -208 - -280. What is the remainder when w is divided by 31?
10
Suppose -4*q + 8 = 4*i - 0*i, 5*q - 19 = -2*i. What is the remainder when 52 is divided by q?
2
Suppose -686 = -2*h - 5*h. Calculate the remainder when h is divided by 20.
18
Let d be 10/1 + 2 + -1. Calculate the remainder when 6/(-33) - (-211)/d is divided by 11.
8
Calculate the remainder when (-6)/33 - 3/((-33)/1069) is divided by 20.
17
Let a = -49 + 89. Let p = a - 5. Calculate the remainder when p is divided by 12.
11
Let m(x) = x + 2. Suppose -2*v = -5*n - 31, -21 = -v + 4*n - 1. Calculate the remainder when m(v) is divided by 6.
4
Let d(w) = -31*w**2 - 2*w + 3. Let m(v) = 124*v**2 + 9*v - 13. Let l(i) = -9*d(i) - 2*m(i). Calculate the remainder when l(1) is divided by 8.
6
Suppose 4*a - 5*a + 7 = 0. Suppose 2*v + 5 - a = 0. What is the remainder when v is divided by 1?
0
Let z be ((-12)/14)/(3/(-168)). Suppose 2*g = -3*h + 21, 5*h - h - 36 = -4*g. Suppose -z = -2*b - g. What is the remainder when b is divided by 11?
10
Suppose 0 = -9*i + 169 + 2. Calculate the remainder when 46 is divided by i.
8
Let r be 2/(-8) + (-30)/(-24). What is the remainder when 13 is divided by r/(1 - (-4)/(-5))?
3
Let p = -57 - -94. Let j = 50 - 40. What is the remainder when p is divided by j?
7
Let w(z) be the second derivative of -z**3/2 + 7*z**2/2 + 5*z. Calculate the remainder when 47 is divided by w(-3).
15
Suppose -7*p - 75 = -2*p. Let q = p + 56. Suppose -5 = -2*c - 13, -3*g + 4*c = -79. What is the remainder when q is divided by g?
20
What is the remainder when (-6)/(-3)*48 - 3 is divided by 24?
21
Suppose -o - 25 = -3*b - 3*o, -8 = -2*b + 3*o. What is the remainder when b is divided by 6?
1
Suppose -1 + 19 = 2*f. Calculate the remainder when 44 is divided by f.
8
Suppose -x - 10 + 15 = 0. Suppose 20 = -x*w, -3*j - 40 = 5*w - 218. Calculate the remainder when ((-24)/18)/((-4)/j) is divided by 8.
6
What is the remainder when (43 - -1) + -2 + 3 is divided by 16?
13
Let g = 9 + -18. Let x(f) = -f**2 - 10*f - 6. Let c be x(g). What is the remainder when 7 is divided by (c/(-2))/(2/(-4))?
1
Let u(s) = -19*s. Let h(g) = g**3 - 6*g**2 - g + 7. Let v be h(6). Let t be ((1 - 1) + v)/(-1). What is the remainder when 55 is divided by u(t)?
17
Let m(n) = 6*n - 4. Calculate the remainder when 195 is divided by m(9).
45
Suppose -3*s - s + 5*f = -133, 4*s + 4*f = 160. Calculate the remainder when 145 is 